d by 366?
8
Calculate the remainder when 335 is divided by (-1740)/150*((-4)/6 - (-13)/(-3)).
45
Suppose -9*m + 14*m = 790. Calculate the remainder when m is divided by 10/((-120)/(-16) + -7).
18
Suppose 0 = 5*d - 40*f + 43*f - 784, 6*f = -4*d + 620. What is the remainder when d is divided by 19?
6
What is the remainder when 1288 is divided by 43/(21/18*(-56)/(-196))?
127
What is the remainder when (-4)/(6*(-9)/2241) - -1 is divided by 302/14 + 3/7?
13
Let a be (-1)/(-3) + (-26)/6. What is the remainder when 25 + 15 - -35 - 43 is divided by ((-9)/a)/((-2)/(-16))?
14
Let q(g) be the first derivative of -g**4/4 + 4*g**3 - 9*g**2 + 4*g + 34. What is the remainder when q(10) is divided by 14?
10
Let v(b) = -30*b - 150. Let s be v(-5). Suppose 40*k - 34*k - 324 = s. Calculate the remainder when k is divided by 17.
3
Let g be 0 + (1 - (-4)/(4/(-3))). Calculate the remainder when 152 is divided by 1*((-57)/76)/(g/72).
17
Let m be 7 - 3*2/(-3). Suppose m*f = 4*f. Suppose f = 3*l + 152 - 416. Calculate the remainder when l is divided by 9.
7
Suppose -y = 4*y - 9*y + 1796. Calculate the remainder when y is divided by 95.
69
Let t(l) = 9*l**3 - 5*l**2 + 36*l - 86. Calculate the remainder when t(4) is divided by 183.
5
Calculate the remainder when 359 is divided by (5 - (-67)/(-13)) + 368/26.
9
Suppose -2*o + 39*o - 185 = 0. Suppose -274 = -o*j - 3*m, -5*m + 9 = -3*j + 153. Calculate the remainder when 206 is divided by j.
47
Let m be (-6 - -2)*12*(-3 - -2). Calculate the remainder when (-16)/m + (-220)/(-3) is divided by 25.
23
Let x = 207 - 89. Suppose -5*g + x = 28. What is the remainder when 56 is divided by g?
2
What is the remainder when 26 is divided by ((-77)/55 + -1)/((-3)/5)?
2
Suppose 72*y - 36*y + 134 = 37*y. Calculate the remainder when y is divided by 2.
0
What is the remainder when ((-322)/1932 + (-1)/(30/217))*-15 is divided by 77?
34
Suppose -2*x = -y - 104, 3*y + 52 = x - y. Calculate the remainder when 70 is divided by (33 - 0) + -45 + x.
30
Let p = -18334 - -18366. What is the remainder when 1359 is divided by p?
15
Let r(t) = -t**2 + 7*t + 13. Let m be 4 - -29 - 2/(-2). Suppose 0 = -2*z - 5*h + m, -z + 4*z + 3*h = 33. What is the remainder when r(z) is divided by 9?
4
Let l be (-2)/9 - (0 - 505/45). Let d(u) = -5*u + 63. What is the remainder when 55 is divided by d(l)?
7
Suppose 154 - 235 - 318 = -57*o. Calculate the remainder when 452 is divided by o.
4
What is the remainder when ((-1617)/(-99))/((-2)/(-132)) is divided by 8?
6
Let c(k) = -k**2 - 15*k - 12. Suppose -8*t = -15*t - 56. What is the remainder when c(t) is divided by 13?
5
Calculate the remainder when 1478 is divided by (52*(-5)/(-70))/(5/35).
22
Suppose 5*w + 20 = 0, 5*w - 46 = -4*n + 782. Calculate the remainder when 412 is divided by n.
200
Let z(i) = 17*i**2 - 252*i - 28. Suppose y = -y + 18. Suppose x = 38 + y. Calculate the remainder when x is divided by z(15).
13
Suppose 0 = -40*g + 37*g + 1287. Suppose 4*h - g = 335. What is the remainder when h is divided by 32?
31
Let a be (-32)/(-56) + 964/28*8. Suppose -57*r + a = -45*r. Calculate the remainder when r is divided by 7.
2
Let v = -1905 - -1948. What is the remainder when v is divided by 26?
17
Let t(s) = -75*s + 1050. What is the remainder when 320 is divided by t(13)?
20
What is the remainder when (-656 + -20)*(-1)/2*2 is divided by 139?
120
Let i be 5 + (-6)/(-6) + 7. Calculate the remainder when i/(819/(-108))*-105 is divided by 48.
36
Let o(q) = -323*q + 490. What is the remainder when o(0) is divided by 30?
10
Let r = -29428 - -30065. What is the remainder when r is divided by 111?
82
Suppose 0 = -3*q + g + 335, -27*g = -5*q - 29*g + 551. What is the remainder when 7658 is divided by q?
110
Suppose s - 14 = -4*u, 4*s - 16 = 3*u + 2. Let b be 414/27 - 2/s. What is the remainder when 99 is divided by (-2)/b + 771/45?
14
Let p(b) = -99*b - 3444. What is the remainder when p(-43) is divided by 135?
3
Let v(z) = 206*z + 1893. Calculate the remainder when 2255 is divided by v(-9).
32
Let v(g) = -14*g - 4. Let q be (-1079)/26 - 6/4. Let z = -48 - q. What is the remainder when v(z) is divided by 23?
20
Suppose 4*b - 1112 = -4*m, -3*m - 4*b = 2*m - 1388. Let v = m - 93. What is the remainder when v is divided by 65?
53
Let c = 15108 + -13242. What is the remainder when c is divided by 267?
264
Let c(d) = d**3 + 3*d**2 - 3*d - 6. Let w be c(-4). Let k be 2/10 - 18/w. What is the remainder when 95 is divided by ((-24)/(-16))/(k/(1 + 43))?
29
Let u = -29 - -42. Suppose 7*q = -199 + 213. Let x = q + u. Calculate the remainder when 57 is divided by x.
12
Let h(d) = 3*d**2 - 5*d - 7. Let b be h(3). What is the remainder when 488 - (5/b)/((-5)/(-20)) is divided by 18?
16
Let g be (-112796)/(-30) + 3/(135/6). Suppose 2*d + 1500 = 4*d - 4*o, g = 5*d - 5*o. Calculate the remainder when d is divided by 84.
82
Suppose -4*i = -3*w - 449, 0 = -4*i - w + 330 + 107. Let m = i - 85. Calculate the remainder when m is divided by ((-16)/12)/(12/(-81)).
7
Suppose 102*h = 20*h - 146*h + 11856. Calculate the remainder when 1030 is divided by h.
42
Let z(c) = -c**3 - 7*c**2 - 2*c + 36. Suppose 0 = 88*t - 90*t - 12. What is the remainder when 188 is divided by z(t)?
8
Suppose 3*u - 2*z = 397, 5*u + 2*z = 6*u - 127. Suppose -400*l = -397*l - u. Let v(g) = -2*g. Calculate the remainder when l is divided by v(-6).
9
Let k = 22 + -2. Let h(i) = 90*i - 1402. Calculate the remainder when h(18) is divided by k.
18
Let f(x) = 13*x**2 + 23*x + 105. What is the remainder when f(-5) is divided by 40?
35
Suppose -96*z + 20608 - 9881 = -43225. Calculate the remainder when z is divided by 148.
118
Suppose 0*k = -5*n - 3*k + 9, n = 5*k - 15. Suppose 19*i - 67 - 142 = n. Calculate the remainder when 439 is divided by i.
10
Suppose 8 - 44 = -2*c. Let x be (8/14)/(3/(21/2)). Suppose -x*z = -128 + 26. What is the remainder when z is divided by c?
15
Let k(d) = 16*d + 19*d - 24*d + 3 - d**2. Calculate the remainder when 81 is divided by k(9).
18
Suppose 2*m = c + 55, -99 = -3*m + 4*c + 6. Suppose 4*d - 38 = -n + 144, -5*n + 55 = d. Calculate the remainder when d is divided by m.
22
Calculate the remainder when 177 is divided by 1 + 10 + (5 - 78/(-6)).
3
Let o = 20 + 200. Suppose 4*z = 9*z - 1805. Suppose -7*w + z = -o. Calculate the remainder when w is divided by 17.
15
Let b(k) be the third derivative of k**6/120 - 13*k**5/60 + k**4/6 - 47*k**3/6 - 30*k**2 - 1. Calculate the remainder when b(14) is divided by 23.
21
Let b = 388 + -387. Calculate the remainder when 3/(-2)*(-8)/6 is divided by 5 - (5/b + (-2)/1).
0
What is the remainder when 711*(117/(-27))/(-13) is divided by 52?
29
Let m(r) = r**3 - 7*r**2 - 10*r + 79. Let u be m(8). Suppose -4*f + 61*h + 1920 = u*h, 2*h - 1439 = -3*f. Calculate the remainder when f is divided by 121.
118
Calculate the remainder when 1887 is divided by 17/((-102)/180)*(-243)/162.
42
Suppose -5*u = -u - 8. Let m(b) = 5*b**2 + b - 53. Let q(p) = p**2 + p. Let n(j) = m(j) - 4*q(j). Calculate the remainder when u is divided by n(9).
0
Let w(y) = -1. Let q(x) = 4*x + 1. Let d(j) = q(j) - 2*w(j). Let p be d(0). What is the remainder when 10 is divided by (-3 - -33)/3 - (p + 1)?
4
Let p(z) = 35*z**2 + 303*z - 26. Calculate the remainder when 1410 is divided by p(-9).
16
Suppose -3*b - 2*w = -5*b + 324, b = 5*w + 154. Calculate the remainder when 524 is divided by b.
32
Let m(p) = p**3 - 5*p**2 - 30*p - 90. What is the remainder when m(10) is divided by 51?
8
Suppose 19*u - 3372 = 1815. Let o = u - 4. Calculate the remainder when o is divided by 30.
29
Suppose 35*v + 31048 = 65463 + 37580. What is the remainder when v is divided by 289?
34
Suppose 93*d - 3229 = 12209. What is the remainder when d is divided by 84?
82
Suppose 1625 = -75*w + 140*w. Calculate the remainder when 99 is divided by w.
24
Let r(h) = 155*h + 7199. Suppose 4*l + 1 = -19. Let u = 29 + l. What is the remainder when r(-46) is divided by u?
21
Let j(u) = -7*u + 5. Let k be j(2). What is the remainder when ((30/k)/(-5))/(6/657) is divided by 25?
23
Let k be (-4)/(-18) - 492/27. Suppose -2*f - 211 = -8*i + 11*i, 0 = -5*i - 2*f - 345. Let z = k - i. Calculate the remainder when z is divided by 17.
15
Let i(q) = -q**2 - 5*q + 6. Let a be i(1). Suppose -f - 2*j =